{"id":793,"date":"2021-05-11T09:33:12","date_gmt":"2021-05-11T14:33:12","guid":{"rendered":"https:\/\/unicancercali.org\/intranet\/?page_id=793"},"modified":"2021-11-07T11:58:46","modified_gmt":"2021-11-07T16:58:46","slug":"politicas-de-seguridad","status":"publish","type":"page","link":"https:\/\/unicancercali.org\/intranet\/politicas-de-seguridad\/","title":{"rendered":"Pol\u00edticas de Seguridad"},"content":{"rendered":"\n<h2 style=\"text-align: center;\"><a href=\"https:\/\/unicancercali.org\/intranet\/wp-content\/uploads\/2021\/05\/TI-PR-01-SEGURIDAD-INFORMATICA.pdf\"><strong>Conoce nuestras pol\u00edticas de seguridad inform\u00e1tica aqu\u00ed&#8230;<\/strong><\/a><\/h2>\n<p>\u00a0<\/p>\n\n\n","protected":false},"excerpt":{"rendered":"<p>Conoce nuestras pol\u00edticas de seguridad inform\u00e1tica aqu\u00ed&#8230; \u00a0<\/p>\n","protected":false},"author":84,"featured_media":805,"parent":0,"menu_order":0,"comment_status":"closed","ping_status":"closed","template":"","meta":{"footnotes":""},"class_list":["post-793","page","type-page","status-publish","has-post-thumbnail","hentry","clearfix"],"_links":{"self":[{"href":"https:\/\/unicancercali.org\/intranet\/wp-json\/wp\/v2\/pages\/793","targetHints":{"allow":["GET"]}}],"collection":[{"href":"https:\/\/unicancercali.org\/intranet\/wp-json\/wp\/v2\/pages"}],"about":[{"href":"https:\/\/unicancercali.org\/intranet\/wp-json\/wp\/v2\/types\/page"}],"author":[{"embeddable":true,"href":"https:\/\/unicancercali.org\/intranet\/wp-json\/wp\/v2\/users\/84"}],"replies":[{"embeddable":true,"href":"https:\/\/unicancercali.org\/intranet\/wp-json\/wp\/v2\/comments?post=793"}],"version-history":[{"count":11,"href":"https:\/\/unicancercali.org\/intranet\/wp-json\/wp\/v2\/pages\/793\/revisions"}],"predecessor-version":[{"id":968,"href":"https:\/\/unicancercali.org\/intranet\/wp-json\/wp\/v2\/pages\/793\/revisions\/968"}],"wp:featuredmedia":[{"embeddable":true,"href":"https:\/\/unicancercali.org\/intranet\/wp-json\/wp\/v2\/media\/805"}],"wp:attachment":[{"href":"https:\/\/unicancercali.org\/intranet\/wp-json\/wp\/v2\/media?parent=793"}],"curies":[{"name":"wp","href":"https:\/\/api.w.org\/{rel}","templated":true}]}}